e 15, what is 28 + -18d?
-165
In base 7, what is 0 + -4?
-4
In base 13, what is -c3 + -21?
-114
In base 5, what is -23444 + -3?
-24002
In base 16, what is 50 + -1?
4f
In base 16, what is 2734 - -2?
2736
In base 16, what is 106e + 4?
1072
In base 12, what is 120 - -4?
124
In base 8, what is -306 - -170?
-116
In base 3, what is -2222120 - 10?
-2222200
In base 12, what is 27 + a0?
107
In base 8, what is -2526 + 5?
-2521
In base 10, what is 11 + 27?
38
In base 11, what is 36 + 15?
50
In base 13, what is -4 + -39?
-40
In base 3, what is 1212 + -1100?
112
In base 6, what is -11 + 25?
14
In base 8, what is -7 + 55?
46
In base 3, what is 10 + 11202201?
11202211
In base 10, what is -70 - -2?
-68
In base 2, what is 110111 - 100111101?
-100000110
In base 4, what is -310012 + -3?
-310021
In base 13, what is -2 + -105?
-107
In base 12, what is -25a - 17?
-275
In base 4, what is -3 - -3001?
2332
In base 14, what is 179 - -3?
17c
In base 9, what is 0 - 1643?
-1643
In base 9, what is -78556 - 3?
-78560
In base 15, what is 4 + -11?
-c
In base 4, what is -101 + -1001?
-1102
In base 8, what is -673 + 4?
-667
In base 8, what is -3 - -524?
521
In base 14, what is -1 - -24c?
24b
In base 9, what is -1040 + -26?
-1066
In base 16, what is c + -b8?
-ac
In base 13, what is b - 10?
-2
In base 2, what is -1111100 - 1111101?
-11111001
In base 6, what is -5 + 21?
12
In base 6, what is 4405 - 0?
4405
In base 11, what is -1 + 64?
63
In base 9, what is 87 + -1?
86
In base 15, what is 5 - 5?
0
In base 6, what is -53 + -4?
-101
In base 16, what is -1e - 6?
-24
In base 8, what is -27 - 154?
-203
In base 11, what is -a4 + 19?
-86
In base 10, what is 73 - -30?
103
In base 5, what is -114 - 23?
-142
In base 11, what is -724 + -5?
-729
In base 2, what is 11 - -111110?
1000001
In base 6, what is -43 - 13?
-100
In base 11, what is 8 + 7?
14
In base 6, what is -10330 - -5?
-10321
In base 14, what is 4c + 6?
54
In base 15, what is 2 + 1?
3
In base 4, what is -331 + -3?
-1000
In base 2, what is 100 + -101001000?
-101000100
In base 5, what is 134 + 1?
140
In base 15, what is -7d1d - 3?
-7d21
In base 2, what is 1010 + 1001?
10011
In base 2, what is -10011000 - 1001?
-10100001
In base 13, what is 3 + -10b8?
-10b5
In base 6, what is 31 - -4?
35
In base 15, what is 28e - -1?
290
In base 2, what is 1011001101 - -10?
1011001111
In base 9, what is 1 + 1255?
1256
In base 13, what is 39 - -9?
45
In base 6, what is 213 + 104?
321
In base 4, what is -11 - 2003?
-2020
In base 3, what is -10020 + 11?
-10002
In base 9, what is 0 + -53?
-53
In base 9, what is 10 + 6?
16
In base 3, what is 10212 - 0?
10212
In base 9, what is -42 - 8?
-51
In base 16, what is -54 + 1?
-53
In base 2, what is 10011000010 - -10?
10011000100
In base 4, what is 321110 - -2?
321112
In base 4, what is 130311 - 10?
130301
In base 7, what is -32 - 1?
-33
In base 16, what is 141 - -7?
148
In base 13, what is 35 - -108?
140
In base 13, what is -761 - -2?
-75c
In base 16, what is -107 - -3?
-104
In base 16, what is a - 1e8?
-1de
In base 6, what is -3 - 114?
-121
In base 16, what is -5cb + -3?
-5ce
In base 7, what is -66 - -161?
62
In base 4, what is -10 - -213?
203
In base 12, what is -5ab + -2?
-5b1
In base 6, what is 0 - -11320?
11320
In base 12, what is 4 - -26?
2a
In base 15, what is -d1 - -c?
-c4
In base 16, what is 1e - 29?
-b
In base 14, what is 113 + -1?
112
In base 13, what is 2a + -b?
1c
In base 9, what is -4 - -307?
303
In base 16, what is -1 - -1cc?
1cb
In base 9, what is -38 - 10?
-48
In base 6, what is -24 + -4235?
-4303
In base 9, what is 38686 + 2?
38688
In base 6, what is -5 - -5?
0
In base 12, what is -1 + -46?
-47
In base 13, what is a - 5a?
-50
In base 3, what is 22222 + -1100?
21122
In base 15, what is 5 + -377?
-372
In base 12, what is 99 - 29?
70
In base 4, what is -320 - 10?
-330
In base 14, what is 8d6 - -1?
8d7
In base 11, what is 11 - 469?
-458
In base 4, what is -1130 + -31?
-1221
In base 7, what is -3536 - -3?
-3533
In base 4, what is 2 + 2?
10
In base 8, what is 6500 + 3?
6503
In base 6, what is 1025 - -4?
1033
In base 14, what is -3 - -66?
63
In base 2, what is -100 - -1000000100101?
1000000100001
In base 15, what is -e + 8?
-6
In base 15, what is -52 - -5?
-4c
In base 15, what is 2 + -e5?
-e3
In base 15, what is -869 - 3?
-86c
In base 11, what is -4 - -878?
874
In base 2, what is -110 - 111101010?
-111110000
In base 14, what is 1c + 10?
2c
In base 15, what is -24 - a?
-2e
In base 15, what is 55 - -1?
56
In base 6, what is 5 - -13?
22
In base 4, what is -3 - 12333?
-13002
In base 9, what is 3241 - -4?
3245
In base 12, what is 3bb + -31?
38a
In base 11, what is -103 + -3?
-106
In base 7, what is 342 + -51?
261
In base 11, what is -3 + 64?
61
In base 9, what is -1254 - 5?
-1260
In base 12, what is 10a - -1?
10b
In base 11, what is -2 + -1701?
-1703
In base 6, what is 2311 - 3?
2304
In base 13, what is -8 - -1?
-7
In base 9, what is -4 - -24?
20
In base 2, what is 11011110 - -100?
11100010
In base 15, what is -4 - -10e?
10a
In base 3, what is 110220 + 120?
111110
In base 2, what is -10010110110 - 100?
-10010111010
In base 11, what is -5 - -160a?
1605
In base 10, what is 2487 + -1?
2486
In base 14, what is -28 - 46?
-70
In base 5, what is 1102 + -131?
421
In base 8, what is 5 + 1?
6
In base 2, what is 100010 - 101?
11101
In base 12, what is -134 + -29?
-161
In base 8, what is 147 - -7?
156
In base 16, what is -4 - -2e?
2a
In base 10, what is 700 + -8?
692
In base 3, what is 1 - -100212?
100220
In base 12, what is 2 - -47?
49
In base 10, what is 252 + 0?
252
In base 10, what is -1 - 776?
-777
In base 14, what is 0 + 4d?
4d
In base 16, what is 99 + 4?
9d
In base 2, what is 1000 - 10001?
-1001
In base 12, what is -624 + 0?
-624
In base 4, what is -2 + 2223?
2221
In base 12, what is -a7 - 4?
-ab
In base 14, what is 8 + -10d5?
-10cb
In base 16, what is 47 + 3?
4a
In base 14, what is -8 + -73?
-7b
In base 9, what is 42 - 34?
7
In base 3, what is 202 + 12?
221
In base 15, what is -6 - -e7?
e1
In base 12, what is 88 + 2?
8a
In base 12, what is -47 - b5?
-140
In base 5, what is -11 - 12?
-23
In base 8, what is 32 - -75?
127
In base 5, what is 102043 - -10?
102103
In base 8, what is 670 + -1?
667
In base 5, what is -2333 + 4?
-2324
In base 11, what is -14 + -16a?
-183
In base 4, what is 1 - -233330?
233331
In base 12, what is -313 - -4?
-30b
In base 8, what is 226 + 122?
350
In base 3, what is -20010 - 2?
-20012
In base 13, what is 2a + -1?
29
In base 6, what is -2 - 1120?
-1122
In base 8, what is -3 - -24?
21
In base 5, what is 0 - -2014?
2014
In base 15, what is -59 + 0?
-59
In base 16, what is -43b + 0?
-43b
In base 2, what is -100 - -11101101?
11101001
In base 3, what is 12 + 1000?
1012
In base 12, what is -1a74 + 0?
-1a74
In base 4, what is 3032 - -22?
3120
In base 10, what is -1755 + -3?
-1758
In base 11, what is 1 + 362?
363
In base 13, what is b - -67?
75
In base 15, what is -a + -3d?
-48
In base 9, what is 0 + -2460?
-2460
In base 15, what is 1 + 692?
693
In base 10, what is -1233 - 9?
-1242
In base 2, what is -1101000 + -101?
-1101101
In base 13, what is 19 - 187?
-16b
In base 10, what is -2 - 925?
-927
In base 12, what is -11 + 16?
5
In base 10, what is -30625 + 5?
-30620
In base 6, what is 3 + 14220?
14223
In base 3, what is 200 + -20121?
-12221
In base 13, what is 7 - -67?
71
In base 13, what is -4 + -251?
-255
In base 7, what is 4 + -1022?
-1015
In base 6, what is -55 - -13?
-42
In base 12, what is 2 - -41?
43
In base 6, what is 313 - 0?
313
In base 9, what is 2 - 413?
-411
In base 13, what is 1 - -5c?
60
In base 10, what is 200 - -1?
201
In base 15, what is -730 + 4?
-72b
In base 7, what is -2 + -24?
-26
In base 7, what is -51 + -33?
-114
In base 12, what is -5 - 5ba?
-603
In base 10, what is -83 - 0?
-83
In base 8, what is -3 + 4516?
4513
In base 4, what is 321 - 1?
320
In base 6, what is 4 + -2211?
-2203
In base 7, what is 2065 - -5?
2103
In base 16, what is 2 - 2a?
-28
In base 15, what is -2a7 - 4?
-2ab
In base 8, what is -66 - 4?
-72
In base 6, what is -2 + -144?
-150
In base 14, what is -6a8 + 4?
-6a4
In base 9, what is -7 + -27?
-35
In base 16, what is -4 - -769?
765
In base 7, what is -5 - -101?
63
In base 5, what is -12 - 103?
-120
In base 3, what is 1120111 - 0?
1120111
In base 13, what is 